er when (2 - (-1)/(-2))*6216/28 is divided by 199.
134
Let r be (-35)/15*3 - -16. Let z(u) = 2*u**2 - 18*u + 50. What is the remainder when 129 is divided by z(r)?
29
Let a be -295*(5 - (4 + 0)). Let n = 302 + a. What is the remainder when 25 is divided by n?
4
Let r(b) be the first derivative of -83*b**2/2 - 142*b - 48. What is the remainder when r(-4) is divided by 24?
22
Let q(r) = r**3 - 13*r**2 + 71*r + 17. Calculate the remainder when q(7) is divided by 196.
24
Suppose -2*t + 3 = -21. Suppose 35*x - 37*x + 90 = 0. What is the remainder when x is divided by t?
9
Let l be (-4 + 22/(-3))/(6/(-9)). Suppose -16*t + 5*x - l = -19*t, -60 = -5*t - 2*x. Let i = 6 - 3. What is the remainder when t is divided by i?
2
Let f(p) = p**2 + 11*p + 2. Let y be f(-11). Let o(r) = -6*r**y - 16 + 6*r**2 - 7*r - r + r**2. Calculate the remainder when o(11) is divided by 7.
3
Suppose -170*r = -1975 - 5165. What is the remainder when 79 is divided by r?
37
Suppose 0 = 5*t + 39*n - 35*n - 45563, 3*n = -5*t + 45566. Calculate the remainder when t is divided by 95.
90
Suppose 0 = j + g - 69 - 7, 0 = j - g - 80. Let i = j - 22. Suppose 3*b - k - 37 = i, 0 = 4*k - 12. What is the remainder when 59 is divided by b?
27
Suppose -1984 = -62*z + 620. Calculate the remainder when 1614 is divided by z.
18
Let v = -389 + 644. What is the remainder when v is divided by 107?
41
Calculate the remainder when (408/(-15))/(((-182)/(-13))/(-140)) is divided by 120.
32
Let j be (5 - (0 - -4)) + -186. Let o = j - -190. What is the remainder when 98 is divided by o?
3
Let l(t) = 175*t - 2446. What is the remainder when l(15) is divided by 83?
13
Let q = -23269 - -23286. What is the remainder when 882 is divided by q?
15
Suppose 0 = 152*b - 156*b + 1632. Calculate the remainder when 1642 is divided by b.
10
Let d(k) = 12*k**2 - k - 1. Let b be d(-1). Suppose -b*f + 11*f = -15. Let t = f - -38. Calculate the remainder when t is divided by 14.
11
Let n(i) = -2*i**3 - 3*i**2 + i - 7. Let z be n(-6). Suppose z + 2647 = 6*v. Calculate the remainder when v is divided by 19.
18
Suppose -5*y + 1169 = 2*y. Let i(m) = -m**3 + 37*m**2 + 75*m + 173. What is the remainder when y is divided by i(39)?
55
Suppose -35 = -189*c + 182*c. Calculate the remainder when 25 is divided by c.
0
Let r = 535 - 73. What is the remainder when r is divided by 19?
6
Let a(o) = 16*o**2 - 119*o + 89. What is the remainder when a(18) is divided by 6?
5
Suppose -423*j = -392*j - 310. Let p = 60 - 33. What is the remainder when p is divided by j?
7
Suppose 0 = -14*u - 13*u + 621. Suppose i - 33 = -i - x, 2*i - u = x. Calculate the remainder when 178 is divided by i.
10
Suppose -c = 15 + 26. Let q = -19 - c. Let t = 225 + -160. What is the remainder when t is divided by q?
21
Let y(f) = f**3 + 6*f**2 - 6*f - 15. Suppose -4*b + 24 = -2*d, -2*b + 3*b = 3. Calculate the remainder when 33 is divided by y(d).
12
What is the remainder when 3/4*(20/55 + 138208/231) is divided by 94?
73
What is the remainder when -6492*1/((-60)/40) is divided by 10?
8
Let r = -463 + 272. Let c = -96 - r. What is the remainder when c is divided by 16?
15
Let q(d) = d**3 - 9*d**2 + 16*d + 5. Let s be (-3)/(-2 - -5) + 8. Let a(k) = 2*k**2 + 9*k - 3. What is the remainder when a(-8) is divided by q(s)?
15
Suppose 0 = 291*n - 307*n + 24592. What is the remainder when n is divided by 27?
25
Let a(i) = -159*i + 1760. Let q be a(11). Let l be (-45 + -1)*(-2 - -1). Suppose -q*k = -12*k + l. What is the remainder when k is divided by 16?
14
Let d(k) = -k + 38. Let b be d(20). Suppose b - 11 = o. Suppose -o*y = -y - 408. Calculate the remainder when y is divided by 24.
20
Let p = 178 - 99. Let g = 2009 - 1919. Suppose l + 74 = g. Calculate the remainder when p is divided by l.
15
Suppose 7*l - 13*l = -4*l - 1648. What is the remainder when l is divided by 273?
5
Let l(d) = d**2 - 16*d - 15. Let u be l(-6). Suppose -6*t - 561 = -u. Let r = t + 100. Calculate the remainder when r is divided by 9.
8
Suppose -639 - 381 = -34*a. Suppose -4*n + a*w = 28*w - 202, 3*n - 155 = -2*w. Calculate the remainder when n is divided by 28.
23
Suppose -130*k - 5*r = -125*k - 590, 3*k - 366 = 3*r. Calculate the remainder when k is divided by (-6)/(-8)*(43 - -1).
21
Suppose 5464 = 24*a - 1448. What is the remainder when a is divided by 5?
3
Suppose 251*t = 1332 + 5320 + 1213 - 335. Let n(i) = -i**3 - 6*i**2 - 2*i + 5. Calculate the remainder when t is divided by n(-6).
13
Suppose -54*g = -4399 - 13799. What is the remainder when g is divided by 57?
52
Let a = -5556 + 5571. Suppose s - 2*s + 43 = 0. What is the remainder when s is divided by a?
13
Suppose 4*u = -0*u + i + 68, u - 4*i = 2. Suppose 5*n = -u - 2. What is the remainder when 10 is divided by n/(-3)*1*3?
2
Suppose -6*w = 4*w - 20. Let l be (-3 + w)*((1 - 0) + -1). Suppose l*m + 152 = m - 4*i, 5*i + 575 = 4*m. What is the remainder when m is divided by 13?
10
Let g be 0 - 28/8*-2. Suppose -g*z + 252 = 21. Suppose 2*n - 23 = 1. Calculate the remainder when z is divided by n.
9
Let r(h) = 3*h**2 - 127*h + 409. Calculate the remainder when r(42) is divided by 61.
1
Let g(d) = -741*d + 723*d - 11 - 33 + 3. Calculate the remainder when g(-9) is divided by 42.
37
Let z be (117/12)/(6*3/48). Suppose 0 = -34*w + z*w + 24. Let h = 50 + -34. Calculate the remainder when h is divided by w.
1
Suppose -135*f + 78*f = 97*f - 48818. Calculate the remainder when f is divided by 164.
153
Suppose -3*l - 4 + 160 = 0. What is the remainder when 150 is divided by l?
46
What is the remainder when 619 is divided by 54/(-45) - 303/(-15)?
11
Let r = -2771 + 2916. Suppose -2*g + 11 = -53. What is the remainder when r is divided by g?
17
Suppose 0 = 3*d - 2*d + 1. Calculate the remainder when (-1035)/(-40) + -3 - 28/(-224) is divided by d + (5 - -2 - 0).
5
Suppose -37*c - 30 = -42*c. What is the remainder when 116 is divided by (88/c)/(-11 + 420/36)?
6
Let n(u) = u**3 - 26*u**2 + 26*u - 14. Suppose 2*h - 4*h = -3*f + 389, 3*h = -f + 115. Let d = f + -51. Calculate the remainder when d is divided by n(25).
10
Suppose -m + 17 = 3*d, -3*m + 25 = 5*d - 2*m. Let q(z) = -z**3 + 6*z**2 - 8*z + 11. Calculate the remainder when q(d) is divided by 1.
0
Let q(v) be the second derivative of -5*v**3/3 + 2*v**2 + 20*v. What is the remainder when (83 + 7)*9/6 is divided by q(-3)?
33
Let w = -39 - -40. Let l be (-1 + -1)*(0 - w). Suppose 4*j - l*j = 14. Calculate the remainder when 20 is divided by j.
6
Suppose 3*s = 8*s - 30. Suppose -4*j = 3*g - 13, -5*j + 3*g + 2 - s = 0. Calculate the remainder when 33 is divided by (j - -11) + (-7 - -3) + 1.
6
Suppose -2*a + 3*d - 311 = -426, -5*a + 300 = -5*d. What is the remainder when 164 is divided by a?
34
Let v(r) = -r**3 + 6*r**2 + 12*r - 4. Let z be v(8). What is the remainder when 196/6 - 48/z is divided by 14?
6
Suppose 4*y = 4*j + 104, 3*y - 124 = -j - 38. Let h be 2 + -3 + (-249)/(-3). Let b = h - 27. What is the remainder when b is divided by y?
27
Suppose -4*s + m = 181, s + 61 = -0*s - 5*m. Let x = s - -40. Let w(g) = -4*g + 3. What is the remainder when 134 is divided by w(x)?
26
Suppose -3*l = s - 1063, 5*l + 4337 = 15*s - 11*s. What is the remainder when s is divided by 40?
38
Suppose 0 = -x + 4*b + 2, -3*x + 33 + 5 = -4*b. Let z(s) = 20 + 11 - 19*s - x. Calculate the remainder when z(-4) is divided by 9.
8
Suppose 400*a - 546759 + 296759 = 1754400. What is the remainder when a is divided by 179?
178
Let o be -1 - -1 - (-3 + -72). Suppose 12*d - 11*d - o = 0. Let s = d - 49. What is the remainder when 75 is divided by s?
23
Let s = 10 - 7. Let r(h) = -5*h**3 - 2*h**2 - 8*h - 4. Let a be r(-2). Let v = -41 + a. What is the remainder when v is divided by s?
0
Suppose -3*z - 1482 = -q - 1639, -3*z - 2*q + 127 = 0. Let o = -11 + 38. What is the remainder when z is divided by o?
22
Suppose 3*m + 9*n = 87, -3*m - 3*n + 37 = 4. What is the remainder when 3764 is divided by m?
0
Let l = 37036 - 33211. Calculate the remainder when l is divided by 22.
19
Let y(u) = u**2 + 95*u + 1010. Calculate the remainder when 30560 is divided by y(-83).
12
Suppose 5*h = -54 + 959. What is the remainder when 706 is divided by h?
163
Let s = -780 - -351. Calculate the remainder when (-20)/(-3)*(-9)/(-2) is divided by (s/(-19